{"id":1086,"date":"2025-12-01T17:31:34","date_gmt":"2025-12-01T17:31:34","guid":{"rendered":"https:\/\/zoeystoregt.com\/?post_type=product&#038;p=1086"},"modified":"2025-12-01T17:31:34","modified_gmt":"2025-12-01T17:31:34","slug":"paleta-de-sombras-12-colores-urban-trendy","status":"publish","type":"product","link":"https:\/\/zoeystoregt.com\/index.php\/producto\/paleta-de-sombras-12-colores-urban-trendy\/","title":{"rendered":"Paleta de Sombras 12 colores &#8211; Urban &#8211; Trendy"},"content":{"rendered":"<p>No hay mejor estilo que un look arriesgado.<\/p>\n<p>Siempre es buen momento para llevar un makeup incre\u00edble en los conciertos.<\/p>\n<p>Prep\u00e1rate con nuestras sombras, nunca sabes cuando se pueda cruzar un festival en tu camino.<\/p>\n<p>Si quieres un maquillaje de ojos on point, definitivamente lo logras con esta paleta de sombras.<\/p>\n<p>Contiene 12 tonos entre mates y satinados.<\/p>\n<p>Esta paleta es principalmente en tonos verdes.<\/p>\n<p>Crea los maquillajes m\u00e1s atrevidos para tus conciertos o dale un hermoso pop de color en el d\u00eda a d\u00eda.<\/p>\n<p>Tiene muy buena pigmentaci\u00f3n y su dise\u00f1o es de calidad premium.<\/p>\n","protected":false},"excerpt":{"rendered":"<p>No hay mejor estilo que un look arriesgado. Siempre es buen momento para llevar un makeup incre\u00edble en los conciertos. Prep\u00e1rate con nuestras sombras, nunca sabes cuando se pueda cruzar un festival en tu camino. Si quieres un maquillaje de ojos on point, definitivamente lo logras con esta paleta de sombras. Contiene 12 tonos entre [&hellip;]<\/p>\n","protected":false},"featured_media":1088,"comment_status":"open","ping_status":"closed","template":"","meta":[],"product_brand":[],"product_cat":[59,27],"product_tag":[],"class_list":{"0":"post-1086","1":"product","2":"type-product","3":"status-publish","4":"has-post-thumbnail","6":"product_cat-sombras","7":"product_cat-maquillaje","9":"first","10":"instock","11":"taxable","12":"shipping-taxable","13":"purchasable","14":"product-type-simple"},"_links":{"self":[{"href":"https:\/\/zoeystoregt.com\/index.php\/wp-json\/wp\/v2\/product\/1086","targetHints":{"allow":["GET"]}}],"collection":[{"href":"https:\/\/zoeystoregt.com\/index.php\/wp-json\/wp\/v2\/product"}],"about":[{"href":"https:\/\/zoeystoregt.com\/index.php\/wp-json\/wp\/v2\/types\/product"}],"replies":[{"embeddable":true,"href":"https:\/\/zoeystoregt.com\/index.php\/wp-json\/wp\/v2\/comments?post=1086"}],"wp:featuredmedia":[{"embeddable":true,"href":"https:\/\/zoeystoregt.com\/index.php\/wp-json\/wp\/v2\/media\/1088"}],"wp:attachment":[{"href":"https:\/\/zoeystoregt.com\/index.php\/wp-json\/wp\/v2\/media?parent=1086"}],"wp:term":[{"taxonomy":"product_brand","embeddable":true,"href":"https:\/\/zoeystoregt.com\/index.php\/wp-json\/wp\/v2\/product_brand?post=1086"},{"taxonomy":"product_cat","embeddable":true,"href":"https:\/\/zoeystoregt.com\/index.php\/wp-json\/wp\/v2\/product_cat?post=1086"},{"taxonomy":"product_tag","embeddable":true,"href":"https:\/\/zoeystoregt.com\/index.php\/wp-json\/wp\/v2\/product_tag?post=1086"}],"curies":[{"name":"wp","href":"https:\/\/api.w.org\/{rel}","templated":true}]}}