{"id":1167,"date":"2025-12-03T20:11:19","date_gmt":"2025-12-03T20:11:19","guid":{"rendered":"https:\/\/zoeystoregt.com\/?post_type=product&#038;p=1167"},"modified":"2025-12-03T20:15:40","modified_gmt":"2025-12-03T20:15:40","slug":"kit-pestanina-primer-cebra-duo-trendy","status":"publish","type":"product","link":"https:\/\/zoeystoregt.com\/index.php\/producto\/kit-pestanina-primer-cebra-duo-trendy\/","title":{"rendered":"KIT PESTA\u00d1INA + PRIMER CEBRA DUO TRENDY"},"content":{"rendered":"<ul>\n<li><span class=\"selectable-text copyable-text\">Este es el d\u00fao perfecto para maquillar tus pesta\u00f1as, viene una pesta\u00f1ina y un primer de pesta\u00f1as. \u00a1No necesitar\u00e1s m\u00e1s productos para lucir unas pesta\u00f1as impactantes!<\/span><\/li>\n<li><strong>PRIMER:<\/strong>\u00a0Color blanco. Su funci\u00f3n es mejorar la apariencia y el grosor de las pesta\u00f1as. La f\u00f3rmula contiene ingredientes que acondicionan y protegen las pesta\u00f1as e intensifica el color de la pesta\u00f1ina<\/li>\n<li><strong>PESTA\u00d1INA:<\/strong>\u00a0Color negro. Su cepillo es en espiral, alarga y da volumen a tus pesta\u00f1as. F\u00f3rmula lavable pero resistente, no se corre f\u00e1cil.<\/li>\n<\/ul>\n<p class=\"selectable-text copyable-text\"><strong><span class=\"selectable-text copyable-text\">Recomendaci\u00f3n:<\/span><\/strong><\/p>\n<ul>\n<li><span class=\"selectable-text copyable-text\">Aplica primero una capa delgada de primer, deja secar unos segundos y luego pasa la pesta\u00f1ina en movimientos de zic zac desde la ra\u00edz hasta las puntas, puedes aplicar varias capas seg\u00fan el efecto que quieras lograr.}<\/span><\/li>\n<li>No olvides usar el separador de pesta\u00f1as para definir y separar.<\/li>\n<\/ul>\n","protected":false},"excerpt":{"rendered":"<p>Este es el d\u00fao perfecto para maquillar tus pesta\u00f1as, viene una pesta\u00f1ina y un primer de pesta\u00f1as. \u00a1No necesitar\u00e1s m\u00e1s productos para lucir unas pesta\u00f1as impactantes! PRIMER:\u00a0Color blanco. Su funci\u00f3n es mejorar la apariencia y el grosor de las pesta\u00f1as. La f\u00f3rmula contiene ingredientes que acondicionan y protegen las pesta\u00f1as e intensifica el color de [&hellip;]<\/p>\n","protected":false},"featured_media":1169,"comment_status":"open","ping_status":"closed","template":"","meta":[],"product_brand":[],"product_cat":[62,27],"product_tag":[],"class_list":{"0":"post-1167","1":"product","2":"type-product","3":"status-publish","4":"has-post-thumbnail","6":"product_cat-pestanas","7":"product_cat-maquillaje","9":"first","10":"instock","11":"taxable","12":"shipping-taxable","13":"purchasable","14":"product-type-simple"},"_links":{"self":[{"href":"https:\/\/zoeystoregt.com\/index.php\/wp-json\/wp\/v2\/product\/1167","targetHints":{"allow":["GET"]}}],"collection":[{"href":"https:\/\/zoeystoregt.com\/index.php\/wp-json\/wp\/v2\/product"}],"about":[{"href":"https:\/\/zoeystoregt.com\/index.php\/wp-json\/wp\/v2\/types\/product"}],"replies":[{"embeddable":true,"href":"https:\/\/zoeystoregt.com\/index.php\/wp-json\/wp\/v2\/comments?post=1167"}],"wp:featuredmedia":[{"embeddable":true,"href":"https:\/\/zoeystoregt.com\/index.php\/wp-json\/wp\/v2\/media\/1169"}],"wp:attachment":[{"href":"https:\/\/zoeystoregt.com\/index.php\/wp-json\/wp\/v2\/media?parent=1167"}],"wp:term":[{"taxonomy":"product_brand","embeddable":true,"href":"https:\/\/zoeystoregt.com\/index.php\/wp-json\/wp\/v2\/product_brand?post=1167"},{"taxonomy":"product_cat","embeddable":true,"href":"https:\/\/zoeystoregt.com\/index.php\/wp-json\/wp\/v2\/product_cat?post=1167"},{"taxonomy":"product_tag","embeddable":true,"href":"https:\/\/zoeystoregt.com\/index.php\/wp-json\/wp\/v2\/product_tag?post=1167"}],"curies":[{"name":"wp","href":"https:\/\/api.w.org\/{rel}","templated":true}]}}