{"id":1750,"date":"2026-01-16T15:44:38","date_gmt":"2026-01-16T15:44:38","guid":{"rendered":"https:\/\/zoeystoregt.com\/?post_type=product&#038;p=1750"},"modified":"2026-01-16T16:36:23","modified_gmt":"2026-01-16T16:36:23","slug":"contorno-de-ojos-mini","status":"publish","type":"product","link":"https:\/\/zoeystoregt.com\/index.php\/producto\/contorno-de-ojos-mini\/","title":{"rendered":"Contorno de Ojos Mini &#8211; Zoey Line"},"content":{"rendered":"<div class=\"wc-block-product-description wp-block-woocommerce-product-description is-layout-flow wp-block-woocommerce-product-description-is-layout-flow\" data-block-name=\"woocommerce\/product-description\">\n<p>15 ml<\/p>\n<p>La piel del contorno de ojos es entre 5 y 10 veces m\u00e1s fina que la piel de otras zonas del rostro, no tiene tantas capas y por tanto es m\u00e1s sensible a los agentes externos el sol, el fr\u00edo, el viento, las l\u00e1grimas, el maquillaje\u2026 Imagina la cantidad de cosas que agreden a los ojos a lo largo del d\u00eda\u2026 por no hablar de la veces que nos frotamos los ojos y tocamos esa zona con los dedos sucios. El hecho de ser diez veces m\u00e1s fina que la del resto del cuerpo, y 5 veces mas que la del resto del la cara, se debe a que tiene menos contendido en gl\u00e1ndulas seb\u00e1ceas y menos fibras de col\u00e1geno y elastina. Por eso que aplica contornos formulados para potenciar la producci\u00f3n col\u00e1geno y elastina, y mantener la zona hidratada y protegida<\/p>\n<\/div>\n<div class=\"wp-block-add-to-cart-form wc-block-add-to-cart-form wc-block-add-to-cart-form--input wp-block-woocommerce-add-to-cart-form\" data-block-name=\"woocommerce\/add-to-cart-form\">\n<form class=\"cart\" action=\"https:\/\/zoeystoregt.com\/index.php\/producto\/contorno-de-ojos\/\" enctype=\"multipart\/form-data\" method=\"post\">\n<div class=\"quantity\"><\/div>\n<\/form>\n<\/div>\n","protected":false},"excerpt":{"rendered":"<p>15 ml La piel del contorno de ojos es entre 5 y 10 veces m\u00e1s fina que la piel de otras zonas del rostro, no tiene tantas capas y por tanto es m\u00e1s sensible a los agentes externos el sol, el fr\u00edo, el viento, las l\u00e1grimas, el maquillaje\u2026 Imagina la cantidad de cosas que agreden [&hellip;]<\/p>\n","protected":false},"featured_media":1751,"comment_status":"open","ping_status":"closed","template":"","meta":[],"product_brand":[],"product_cat":[22,50],"product_tag":[],"class_list":{"0":"post-1750","1":"product","2":"type-product","3":"status-publish","4":"has-post-thumbnail","6":"product_cat-ojos","7":"product_cat-zoeyline","9":"first","10":"instock","11":"taxable","12":"shipping-taxable","13":"purchasable","14":"product-type-simple"},"_links":{"self":[{"href":"https:\/\/zoeystoregt.com\/index.php\/wp-json\/wp\/v2\/product\/1750","targetHints":{"allow":["GET"]}}],"collection":[{"href":"https:\/\/zoeystoregt.com\/index.php\/wp-json\/wp\/v2\/product"}],"about":[{"href":"https:\/\/zoeystoregt.com\/index.php\/wp-json\/wp\/v2\/types\/product"}],"replies":[{"embeddable":true,"href":"https:\/\/zoeystoregt.com\/index.php\/wp-json\/wp\/v2\/comments?post=1750"}],"wp:featuredmedia":[{"embeddable":true,"href":"https:\/\/zoeystoregt.com\/index.php\/wp-json\/wp\/v2\/media\/1751"}],"wp:attachment":[{"href":"https:\/\/zoeystoregt.com\/index.php\/wp-json\/wp\/v2\/media?parent=1750"}],"wp:term":[{"taxonomy":"product_brand","embeddable":true,"href":"https:\/\/zoeystoregt.com\/index.php\/wp-json\/wp\/v2\/product_brand?post=1750"},{"taxonomy":"product_cat","embeddable":true,"href":"https:\/\/zoeystoregt.com\/index.php\/wp-json\/wp\/v2\/product_cat?post=1750"},{"taxonomy":"product_tag","embeddable":true,"href":"https:\/\/zoeystoregt.com\/index.php\/wp-json\/wp\/v2\/product_tag?post=1750"}],"curies":[{"name":"wp","href":"https:\/\/api.w.org\/{rel}","templated":true}]}}