{"id":1771,"date":"2026-01-27T17:20:06","date_gmt":"2026-01-27T17:20:06","guid":{"rendered":"https:\/\/zoeystoregt.com\/?post_type=product&#038;p=1771"},"modified":"2026-01-27T17:20:49","modified_gmt":"2026-01-27T17:20:49","slug":"gel-crema-de-rosas","status":"publish","type":"product","link":"https:\/\/zoeystoregt.com\/index.php\/producto\/gel-crema-de-rosas\/","title":{"rendered":"Gel Crema de Rosas"},"content":{"rendered":"<p>El gel crema de rosas es un producto h\u00edbrido muy popular en la cosm\u00e9tica actual porque combina la ligereza de un gel con la nutrici\u00f3n de una crema. Es especialmente valorado por su capacidad para hidratar sin dejar una sensaci\u00f3n pesada o grasosa.<br \/>\n\u200bAqu\u00ed te detallo sus principales beneficios:<br \/>\n\u200b1. Hidrataci\u00f3n Profunda y Ligera<br \/>\n\u200bA diferencia de las cremas densas, el gel crema tiene un alto contenido de agua. Esto permite que se absorba casi instant\u00e1neamente, lo cual es ideal para:<br \/>\n\u200bPieles mixtas o grasas: Hidrata las zonas secas sin obstruir los poros ni provocar brillos.<br \/>\n\u200bClimas c\u00e1lidos: Se siente fresco en la piel, evitando la sensaci\u00f3n de \u00abderretimiento\u00bb bajo el sol.<br \/>\n\u200b2. Propiedades Calmantes y Antiinflamatorias<br \/>\n\u200bLa rosa (ya sea como agua de rosas o extracto) es conocida por sus propiedades naturales para calmar la irritaci\u00f3n.<br \/>\n\u200bReduce rojeces: Ayuda a unificar el tono de la piel si tienes sensibilidad.<br \/>\n\u200bPost-exposici\u00f3n solar: Es excelente para refrescar la piel despu\u00e9s de un d\u00eda al aire libre.<br \/>\n\u200b3. Efecto Antioxidante<br \/>\n\u200bLas rosas son ricas en vitamina C y polifenoles, que ayudan a:<br \/>\n\u200bCombatir los radicales libres (causantes del envejecimiento prematuro).<br \/>\n\u200bAportar luminosidad natural al rostro, eliminando el aspecto de \u00abpiel cansada\u00bb.<br \/>\n\u200b4. Aromaterapia y Bienestar<br \/>\n\u200bEl suave aroma de las rosas tiene efectos relajantes comprobados. Usar este tipo de gel crema puede convertir tu rutina de cuidado facial en un momento de alivio del estr\u00e9s.<\/p>\n","protected":false},"excerpt":{"rendered":"<p>El gel crema de rosas es un producto h\u00edbrido muy popular en la cosm\u00e9tica actual porque combina la ligereza de un gel con la nutrici\u00f3n de una crema. Es especialmente valorado por su capacidad para hidratar sin dejar una sensaci\u00f3n pesada o grasosa. \u200bAqu\u00ed te detallo sus principales beneficios: \u200b1. Hidrataci\u00f3n Profunda y Ligera \u200bA [&hellip;]<\/p>\n","protected":false},"featured_media":1772,"comment_status":"open","ping_status":"closed","template":"","meta":[],"product_brand":[],"product_cat":[50,29],"product_tag":[],"class_list":{"0":"post-1771","1":"product","2":"type-product","3":"status-publish","4":"has-post-thumbnail","6":"product_cat-zoeyline","7":"product_cat-hidratacion","9":"first","10":"instock","11":"taxable","12":"shipping-taxable","13":"purchasable","14":"product-type-simple"},"_links":{"self":[{"href":"https:\/\/zoeystoregt.com\/index.php\/wp-json\/wp\/v2\/product\/1771","targetHints":{"allow":["GET"]}}],"collection":[{"href":"https:\/\/zoeystoregt.com\/index.php\/wp-json\/wp\/v2\/product"}],"about":[{"href":"https:\/\/zoeystoregt.com\/index.php\/wp-json\/wp\/v2\/types\/product"}],"replies":[{"embeddable":true,"href":"https:\/\/zoeystoregt.com\/index.php\/wp-json\/wp\/v2\/comments?post=1771"}],"wp:featuredmedia":[{"embeddable":true,"href":"https:\/\/zoeystoregt.com\/index.php\/wp-json\/wp\/v2\/media\/1772"}],"wp:attachment":[{"href":"https:\/\/zoeystoregt.com\/index.php\/wp-json\/wp\/v2\/media?parent=1771"}],"wp:term":[{"taxonomy":"product_brand","embeddable":true,"href":"https:\/\/zoeystoregt.com\/index.php\/wp-json\/wp\/v2\/product_brand?post=1771"},{"taxonomy":"product_cat","embeddable":true,"href":"https:\/\/zoeystoregt.com\/index.php\/wp-json\/wp\/v2\/product_cat?post=1771"},{"taxonomy":"product_tag","embeddable":true,"href":"https:\/\/zoeystoregt.com\/index.php\/wp-json\/wp\/v2\/product_tag?post=1771"}],"curies":[{"name":"wp","href":"https:\/\/api.w.org\/{rel}","templated":true}]}}