{"id":1865,"date":"2026-02-11T17:11:50","date_gmt":"2026-02-11T17:11:50","guid":{"rendered":"https:\/\/zoeystoregt.com\/?post_type=product&#038;p=1865"},"modified":"2026-02-11T17:12:24","modified_gmt":"2026-02-11T17:12:24","slug":"crema-bomba-mini-zoey-line","status":"publish","type":"product","link":"https:\/\/zoeystoregt.com\/index.php\/producto\/crema-bomba-mini-zoey-line\/","title":{"rendered":"Crema Bomba Mini &#8211; Zoey Line"},"content":{"rendered":"<div dir=\"auto\">La CREMA BOMBA es lo que necesitas, una BOMBA de hidrataci\u00f3n a tu piel<\/div>\n<div dir=\"auto\"><\/div>\n<div dir=\"auto\">Aplica de d\u00eda y de noche, del tama\u00f1o de una arveja<\/div>\n<div dir=\"auto\">Contiene<\/div>\n<div dir=\"auto\"><span class=\"html-span xexx8yu xyri2b x18d9i69 x1c1uobl x1hl2dhg x16tdsg8 x1vvkbs x3nfvp2 x1j61x8r x1fcty0u xdj266r xat24cr xm2jcoa x1mpyi22 xxymvpz xlup9mm x1kky2od\">*<\/span>\u00c1cido hialur\u00f3nico<\/div>\n<div dir=\"auto\"><span class=\"html-span xexx8yu xyri2b x18d9i69 x1c1uobl x1hl2dhg x16tdsg8 x1vvkbs x3nfvp2 x1j61x8r x1fcty0u xdj266r xat24cr xm2jcoa x1mpyi22 xxymvpz xlup9mm x1kky2od\">*<\/span>Col\u00e1geno<\/div>\n<div dir=\"auto\"><span class=\"html-span xexx8yu xyri2b x18d9i69 x1c1uobl x1hl2dhg x16tdsg8 x1vvkbs x3nfvp2 x1j61x8r x1fcty0u xdj266r xat24cr xm2jcoa x1mpyi22 xxymvpz xlup9mm x1kky2od\">*<\/span>Arg\u00e1n<\/div>\n<div dir=\"auto\">*Concha n\u00e1car<\/div>\n<div dir=\"auto\">Muchos extractos m\u00e1s&#8230;<\/div>\n<div dir=\"auto\">Tu piel sentir\u00e1 la hidrataci\u00f3n instant\u00e1nea y la sensaci\u00f3n fresca de la mental despertar\u00e1 tu piel<\/div>\n","protected":false},"excerpt":{"rendered":"<p>La CREMA BOMBA es lo que necesitas, una BOMBA de hidrataci\u00f3n a tu piel Aplica de d\u00eda y de noche, del tama\u00f1o de una arveja Contiene *\u00c1cido hialur\u00f3nico *Col\u00e1geno *Arg\u00e1n *Concha n\u00e1car Muchos extractos m\u00e1s&#8230; Tu piel sentir\u00e1 la hidrataci\u00f3n instant\u00e1nea y la sensaci\u00f3n fresca de la mental despertar\u00e1 tu piel<\/p>\n","protected":false},"featured_media":1866,"comment_status":"open","ping_status":"closed","template":"","meta":[],"product_brand":[],"product_cat":[29,30,25,50],"product_tag":[],"class_list":{"0":"post-1865","1":"product","2":"type-product","3":"status-publish","4":"has-post-thumbnail","6":"product_cat-hidratacion","7":"product_cat-piel","8":"product_cat-rostro","9":"product_cat-zoeyline","11":"first","12":"instock","13":"taxable","14":"shipping-taxable","15":"purchasable","16":"product-type-simple"},"_links":{"self":[{"href":"https:\/\/zoeystoregt.com\/index.php\/wp-json\/wp\/v2\/product\/1865","targetHints":{"allow":["GET"]}}],"collection":[{"href":"https:\/\/zoeystoregt.com\/index.php\/wp-json\/wp\/v2\/product"}],"about":[{"href":"https:\/\/zoeystoregt.com\/index.php\/wp-json\/wp\/v2\/types\/product"}],"replies":[{"embeddable":true,"href":"https:\/\/zoeystoregt.com\/index.php\/wp-json\/wp\/v2\/comments?post=1865"}],"wp:featuredmedia":[{"embeddable":true,"href":"https:\/\/zoeystoregt.com\/index.php\/wp-json\/wp\/v2\/media\/1866"}],"wp:attachment":[{"href":"https:\/\/zoeystoregt.com\/index.php\/wp-json\/wp\/v2\/media?parent=1865"}],"wp:term":[{"taxonomy":"product_brand","embeddable":true,"href":"https:\/\/zoeystoregt.com\/index.php\/wp-json\/wp\/v2\/product_brand?post=1865"},{"taxonomy":"product_cat","embeddable":true,"href":"https:\/\/zoeystoregt.com\/index.php\/wp-json\/wp\/v2\/product_cat?post=1865"},{"taxonomy":"product_tag","embeddable":true,"href":"https:\/\/zoeystoregt.com\/index.php\/wp-json\/wp\/v2\/product_tag?post=1865"}],"curies":[{"name":"wp","href":"https:\/\/api.w.org\/{rel}","templated":true}]}}